{"id":625,"date":"2019-10-29T12:01:15","date_gmt":"2019-10-29T12:01:15","guid":{"rendered":"https:\/\/laurent.qodeinteractive.com\/?page_id=625"},"modified":"2022-04-13T16:44:25","modified_gmt":"2022-04-13T14:44:25","slug":"histoire","status":"publish","type":"page","link":"https:\/\/ruellantraiteur.com\/index.php\/histoire\/","title":{"rendered":"Histoire"},"content":{"rendered":"<p>[vc_row][vc_column][vc_empty_space height=\u00a0\u00bb200px\u00a0\u00bb]<div class=\"eltdf-elements-holder   eltdf-three-columns  eltdf-responsive-mode-1024  \" ><div class=\"eltdf-eh-item    \"  data-item-class=\"eltdf-eh-custom-6791\" data-1400-1600=\"0 15%\" data-1025-1399=\"0 13%\" data-680=\"0 0\">\n\t<div class=\"eltdf-eh-item-inner\">\n\t\t<div class=\"eltdf-eh-item-content eltdf-eh-custom-6791\" style=\"padding: 0 21%\">\n\t\t\t<div class=\"eltdf-section-title-holder    eltdf-st-decor-animation\" style=\"text-align: center\">\n\t<div class=\"eltdf-st-inner\">\n                    <span class=\"eltdf-st-tagline\">\n                Depuis 1975            <\/span>\n        \t\t            <div class=\"eltdf-st-title-holder\">\n                                    <div class=\"decor\"><svg xmlns=\"http:\/\/www.w3.org\/2000\/svg\" width=\"41.125\" height=\"9.146\">\n                            <path fill=\"none\" stroke=\"#9C7C57\" stroke-miterlimit=\"10\" d=\"M40.881 8.576L20.562.591.244 8.576\"\/>\n                            <path fill=\"none\" stroke=\"#9C7C57\" stroke-miterlimit=\"10\" d=\"M40.881.591L20.562 8.576.243.591\"\/>\n                        <\/svg><\/div>\n                                <h2 class=\"eltdf-st-title\" >\n                    Agitateur de saveurs                <\/h2>\n                                    <div class=\"decor\"><svg xmlns=\"http:\/\/www.w3.org\/2000\/svg\" width=\"41.125\" height=\"9.146\">\n                            <path fill=\"none\" stroke=\"#9C7C57\" stroke-miterlimit=\"10\" d=\"M40.881 8.576L20.562.591.244 8.576\"\/>\n                            <path fill=\"none\" stroke=\"#9C7C57\" stroke-miterlimit=\"10\" d=\"M40.881.591L20.562 8.576.243.591\"\/>\n                        <\/svg><\/div>\n                            <\/div>\n\t\t\t\t\t\t\t<\/div>\n<\/div>[vc_empty_space height=\u00a0\u00bb12px\u00a0\u00bb][vc_empty_space height=\u00a0\u00bb38px\u00a0\u00bb][vc_column_text]<\/p>\n<p style=\"text-align: justify;\">En 1975, Mich\u00e8le et Roland Ruellan s\u2019installent \u00e0 Roth\u00e9neuf et reprennent la boucherie de monsieur Clavier o\u00f9 ils d\u00e9cident de d\u00e9velopper la vente de viandes labellis\u00e9es.<\/p>\n<p style=\"text-align: justify;\">Leur fils, Olivier Ruellan, apr\u00e8s un apprentissage chez monsieur Marchand \u00e0 Rennes (1996-1998) et chez monsieur Trhian (1999), s\u2019installe plusieurs mois Outre-Manche, \u00e0 Londres au restaurant le Criterion, en tant que chef de partie, aux c\u00f4t\u00e9 de Marco Pierre White (3 macarons au Michelin).<\/p>\n<p style=\"text-align: justify;\">Il int\u00e8gre ensuite la prestigieuse Maison Ligot \u00e0 Boulogne Billancourt, en tant que chef de laboratoire.<\/p>\n<p style=\"text-align: justify;\">En 2000 : retour aux sources. Olivier Ruellan int\u00e8gre la maison familiale avec sa femme Nathalie. Ensemble, ils d\u00e9veloppent la partie traiteur (cocktail, buffet, mariage) depuis plus de 12 ans, tout en continuant la fabrication des produits de charcuterie traditionnelle.<\/p>\n<p style=\"text-align: justify;\">Aujourd\u2019hui Ruellan Traiteur exporte ses produits \u00e0 l\u2019international en collaboration avec monsieur Bouley, Chef \u00c9toil\u00e9 de Manhattan \u00e0 New York.<\/p>\n<p>[\/vc_column_text][vc_empty_space height=\u00a0\u00bb38px\u00a0\u00bb][vc_column_text]<\/p>\n<h3 style=\"text-align: justify;\"><strong>OLIVIER RUELLAN : LA CUISINE PAR PASSION, DE ROTHENEUF A MANHATTAN<\/strong><\/h3>\n<p style=\"text-align: justify;\">La cuisine, c\u2019est toute sa vie. Fils de charcutier, ce natif de Rot\u00e9neuf est tomb\u00e9 dans la marmite d\u00e8s son plus jeune \u00e2ge. Il entretient aujourd\u2019hui sa passion avec brio et d\u00e9veloppe d\u00e9sormais son art culinaire \u00e0 travers le monde.<br \/>\nEn face de l\u2019\u00e9glise \u00e0 Roth\u00e9neuf, un \u00e9tablissement bien connu des fins gourmets : la charcuterie Ruellan. Les parents du cuisinier-traiteur Olivier Ruellan sont \u00e0 l\u2019origine de la maison familiale qui existe depuis une trentaine d\u2019ann\u00e9es. Apr\u00e8s avoir fait les \u00e9tudes n\u00e9cessaires pour assouvir son souhait d\u2019associer passion et travail, Olivier fait un Tour de France dans de grands \u00e9tablissements \u00e9toil\u00e9s et s\u2019aguerrit \u00e9galement \u00e0 Londres au contact du c\u00e9l\u00e8bre Marco Pierre White : \u00ab Le meilleur chef-cuisinier que le Royaume-Uni n\u2019est jamais connu \u00bb dixit l\u2019Express.<\/p>\n<p style=\"text-align: justify;\"><img loading=\"lazy\" class=\"alignright size-medium wp-image-2717\" src=\"https:\/\/ruellantraiteur.fr\/wp-content\/uploads\/2022\/03\/IMG-1436-300x225.jpg\" alt=\"\" width=\"300\" height=\"225\" srcset=\"https:\/\/ruellantraiteur.com\/wp-content\/uploads\/2022\/03\/IMG-1436-300x225.jpg 300w, https:\/\/ruellantraiteur.com\/wp-content\/uploads\/2022\/03\/IMG-1436-768x576.jpg 768w, https:\/\/ruellantraiteur.com\/wp-content\/uploads\/2022\/03\/IMG-1436.jpg 1024w\" sizes=\"(max-width: 300px) 100vw, 300px\" \/>En 2000, \u00e0 25 ans, c\u2019est le retour aux sources. Apr\u00e8s un apprentissage chez Monsieur Marchand \u00e0 Rennes et chez Monsieur Trhian, il int\u00e8gre l\u2019entreprise familiale de boucherie (d\u00e9veloppant la vente de viandes labellis\u00e9es), install\u00e9e \u00e0 Roth\u00e9neuf depuis 1975. En 2007, Olivier \u00ab rach\u00e8te l\u2019affaire \u00bb. Depuis, il connait un succ\u00e8s impressionnant dans la r\u00e9gion : \u00ab Je dois cette r\u00e9ussite \u00e0 mes parents qui m\u2019ont transmis leur passion. Ils m\u2019ont permis de commencer mon activit\u00e9 avec des bases solides \u00bb. Epicerie, charcuterie, boucherie\u2026 le traiteur malouin et son \u00e9pouse Nathalie Ruellan, sa\u00a0plus fid\u00e8le collaboratrice, proposent des plats de qualit\u00e9 \u00e0 base de produits frais ainsi que des produits r\u00e9gionaux que l\u2019on retrouve au sein de l\u2019espace de vente.<\/p>\n<p style=\"text-align: justify;\">Gr\u00e2ce \u00e0 sa fougue, son dynamisme et son talent, Olivier est aujourd\u2019hui membre de la Confr\u00e9rie de la Marmite d\u2019Or (pr\u00e9sid\u00e9e par le tr\u00e8s respect\u00e9 chef Jo\u00ebl Robuchon, auteur du livre \u00ab Bon app\u00e9tit bien s\u00fbr \u00bb). Aupr\u00e8s de ses ma\u00eetres et confr\u00e8res, fort de nouvelles inspirations, il nourrit de nombreux projets culinaires. Au niveau local, le jeune charcutier s\u2019est associ\u00e9 avec la cr\u00e8me de la gastronomie malouine pour cr\u00e9er l\u2019Ecole du Go\u00fbt en 2008. A l\u2019origine de cette initiative : son comp\u00e8re, le sommelier Yannick Heude. Vins, fromages, chocolats, charcuteries, ou encore p\u00e2tisseries, l\u2019objectif de cette structure bas\u00e9e \u00e0 Courtoisville est de former les novices ou les plus exp\u00e9riment\u00e9s au plaisir des produits du terroir \u00e0 travers les diff\u00e9rentes sp\u00e9cialit\u00e9s des \u00ab formateurs \u00bb.<\/p>\n<p style=\"text-align: justify;\">Autres projets d\u2019envergure pour notre trentenaire malouin : l\u2019ouverture d\u2019une charcuterie aux Etats-Unis, dans le quartier de Manhattan \u00e0 New York et une autre au Japon, \u00e0 Osaka. \u00ab Pour les Etats-Unis, la boutique devrait voir le jour au d\u00e9but de l\u2019ann\u00e9e prochaine. Le but est de proposer, Outre-Atlantique, les m\u00eames produits que chez nous\u00bb, pr\u00e9cise t-il. \u00ab En collaboration avec Monsieur Bouley (Chef \u00c9toil\u00e9 de New York), nous exportons nos produits et notre savoir-faire \u00e0 l\u2019international. Olivier est tr\u00e8s sollicit\u00e9 mais le traiteur de Saint-Malo n\u2019oublie pas sa Cit\u00e9 Corsaire.<\/p>\n<p><img loading=\"lazy\" class=\"alignleft size-medium wp-image-2718\" src=\"https:\/\/ruellantraiteur.fr\/wp-content\/uploads\/2022\/03\/IMG-1437-225x300.jpg\" alt=\"\" width=\"225\" height=\"300\" srcset=\"https:\/\/ruellantraiteur.com\/wp-content\/uploads\/2022\/03\/IMG-1437-225x300.jpg 225w, https:\/\/ruellantraiteur.com\/wp-content\/uploads\/2022\/03\/IMG-1437.jpg 768w\" sizes=\"(max-width: 225px) 100vw, 225px\" \/><\/p>\n<p style=\"text-align: justify;\">\u00ab C\u2019est la client\u00e8le d\u2019ici qui m\u2019a encourag\u00e9e et m\u2019a fait conna\u00eetre dans la\u00a0r\u00e9gion, mais aussi ailleurs. J\u2019entretiens une relation tr\u00e8s cordiale avec mes clients. Je suis \u00e0 leur \u00e9coute. Chaque prestation est un challenge pour notre \u00e9quipe\u00bb. Olivier Ruellan compte parmi ses clients de nombreux particuliers, mais il assure aussi ses prestations de traiteurs aupr\u00e8s des plus grands groupes de la r\u00e9gion.<\/p>\n<p style=\"text-align: justify;\">Celui qui transmet son savoir-faire en tant que professeur \u00e0 l\u2019Ecole du Go\u00fbt porte un regard passionnant sur son m\u00e9tier. \u00ab Pour moi, ce n\u2019est pas un travail. Je ne compte pas mes heures. C\u2019est une passion, un v\u00e9ritable partage. On apprend sans cesse \u00bb. Comme tout toqu\u00e9 passionn\u00e9 son \u00ab obsession \u00bb est de devenir Meilleur Ouvrier de France et d\u2019obtenir ainsi le liser\u00e9 bleu-blanc-rouge sur sa tunique blanche. Cette ann\u00e9e, il s\u2019est r\u00e9sign\u00e9, la mort dans l\u2019\u00e2me, \u00e0 participer \u00e0 ce fameux concours en raison d\u2019une activit\u00e9 d\u00e9bordante, mais dans trois ans, c\u2019est promis, il s\u2019accordera le temps n\u00e9cessaire pour concourir. Et nous ne manquerons pas de l\u2019encourager.<\/p>\n<p style=\"text-align: justify;\">Voil\u00e0 un Malouin qui ne manque pas d\u2019ambition. Associ\u00e9 \u00e0 une \u00e9quipe comp\u00e9tente et indispensable, \u00ab ce marchand de plaisir \u00bb \u00e9gaille nos pupilles et nos papilles, au quotidien, mais il est aussi le partenaire de nos plus belles f\u00eates. Rendez-vous donc \u00e0 Roth\u00e9neuf, en face de l\u2019\u00e9glise, pour un moment de d\u00e9lice. Et puis tr\u00e8s bient\u00f4t, \u00e0 New York et Osaka\u2026<\/p>\n<p>[\/vc_column_text]\t\t<\/div>\n\t<\/div>\n<\/div><\/div>[\/vc_column][\/vc_row]<\/p>\n","protected":false},"excerpt":{"rendered":"<p>[vc_row][vc_column][vc_empty_space height=\u00a0\u00bb200px\u00a0\u00bb][\/vc_column][\/vc_row]<\/p>\n","protected":false},"author":1,"featured_media":0,"parent":0,"menu_order":0,"comment_status":"closed","ping_status":"closed","template":"full-width.php","meta":[],"_links":{"self":[{"href":"https:\/\/ruellantraiteur.com\/index.php\/wp-json\/wp\/v2\/pages\/625"}],"collection":[{"href":"https:\/\/ruellantraiteur.com\/index.php\/wp-json\/wp\/v2\/pages"}],"about":[{"href":"https:\/\/ruellantraiteur.com\/index.php\/wp-json\/wp\/v2\/types\/page"}],"author":[{"embeddable":true,"href":"https:\/\/ruellantraiteur.com\/index.php\/wp-json\/wp\/v2\/users\/1"}],"replies":[{"embeddable":true,"href":"https:\/\/ruellantraiteur.com\/index.php\/wp-json\/wp\/v2\/comments?post=625"}],"version-history":[{"count":18,"href":"https:\/\/ruellantraiteur.com\/index.php\/wp-json\/wp\/v2\/pages\/625\/revisions"}],"predecessor-version":[{"id":3054,"href":"https:\/\/ruellantraiteur.com\/index.php\/wp-json\/wp\/v2\/pages\/625\/revisions\/3054"}],"wp:attachment":[{"href":"https:\/\/ruellantraiteur.com\/index.php\/wp-json\/wp\/v2\/media?parent=625"}],"curies":[{"name":"wp","href":"https:\/\/api.w.org\/{rel}","templated":true}]}}

<p>[vc_row][vc_column][vc_empty_space height= »200px »]<div class="eltdf-elements-holder   eltdf-three-columns  eltdf-responsive-mode-1024  " ><div class="eltdf-eh-item    "  data-item-class="eltdf-eh-custom-6791" data-1400-1600="0 15%" data-1025-1399="0 13%" data-680="0 0">
	<div class="eltdf-eh-item-inner">
		<div class="eltdf-eh-item-content eltdf-eh-custom-6791" style="padding: 0 21%">
			<div class="eltdf-section-title-holder    eltdf-st-decor-animation" style="text-align: center">
	<div class="eltdf-st-inner">
                    <span class="eltdf-st-tagline">
                Depuis 1975            </span>
        		            <div class="eltdf-st-title-holder">
                                    <div class="decor"><svg xmlns="http://www.w3.org/2000/svg" width="41.125" height="9.146">
                            <path fill="none" stroke="#9C7C57" stroke-miterlimit="10" d="M40.881 8.576L20.562.591.244 8.576"/>
                            <path fill="none" stroke="#9C7C57" stroke-miterlimit="10" d="M40.881.591L20.562 8.576.243.591"/>
                        </svg></div>
                                <h2 class="eltdf-st-title" >
                    Agitateur de saveurs                </h2>
                                    <div class="decor"><svg xmlns="http://www.w3.org/2000/svg" width="41.125" height="9.146">
                            <path fill="none" stroke="#9C7C57" stroke-miterlimit="10" d="M40.881 8.576L20.562.591.244 8.576"/>
                            <path fill="none" stroke="#9C7C57" stroke-miterlimit="10" d="M40.881.591L20.562 8.576.243.591"/>
                        </svg></div>
                            </div>
							</div>
</div>[vc_empty_space height= »12px »][vc_empty_space height= »38px »][vc_column_text]</p>
<p style="text-align: justify;">En 1975, Michèle et Roland Ruellan s’installent à Rothéneuf et reprennent la boucherie de monsieur Clavier où ils décident de développer la vente de viandes labellisées.</p>
<p style="text-align: justify;">Leur fils, Olivier Ruellan, après un apprentissage chez monsieur Marchand à Rennes (1996-1998) et chez monsieur Trhian (1999), s’installe plusieurs mois Outre-Manche, à Londres au restaurant le Criterion, en tant que chef de partie, aux côté de Marco Pierre White (3 macarons au Michelin).</p>
<p style="text-align: justify;">Il intègre ensuite la prestigieuse Maison Ligot à Boulogne Billancourt, en tant que chef de laboratoire.</p>
<p style="text-align: justify;">En 2000 : retour aux sources. Olivier Ruellan intègre la maison familiale avec sa femme Nathalie. Ensemble, ils développent la partie traiteur (cocktail, buffet, mariage) depuis plus de 12 ans, tout en continuant la fabrication des produits de charcuterie traditionnelle.</p>
<p style="text-align: justify;">Aujourd’hui Ruellan Traiteur exporte ses produits à l’international en collaboration avec monsieur Bouley, Chef Étoilé de Manhattan à New York.</p>
<p>[/vc_column_text][vc_empty_space height= »38px »][vc_column_text]</p>
<h3 style="text-align: justify;"><strong>OLIVIER RUELLAN : LA CUISINE PAR PASSION, DE ROTHENEUF A MANHATTAN</strong></h3>
<p style="text-align: justify;">La cuisine, c’est toute sa vie. Fils de charcutier, ce natif de Roténeuf est tombé dans la marmite dès son plus jeune âge. Il entretient aujourd’hui sa passion avec brio et développe désormais son art culinaire à travers le monde.<br />
En face de l’église à Rothéneuf, un établissement bien connu des fins gourmets : la charcuterie Ruellan. Les parents du cuisinier-traiteur Olivier Ruellan sont à l’origine de la maison familiale qui existe depuis une trentaine d’années. Après avoir fait les études nécessaires pour assouvir son souhait d’associer passion et travail, Olivier fait un Tour de France dans de grands établissements étoilés et s’aguerrit également à Londres au contact du célèbre Marco Pierre White : « Le meilleur chef-cuisinier que le Royaume-Uni n’est jamais connu » dixit l’Express.</p>
<p style="text-align: justify;"><img loading="lazy" class="alignright size-medium wp-image-2717" src="https://ruellantraiteur.fr/wp-content/uploads/2022/03/IMG-1436-300x225.jpg" alt="" width="300" height="225" srcset="https://ruellantraiteur.com/wp-content/uploads/2022/03/IMG-1436-300x225.jpg 300w, https://ruellantraiteur.com/wp-content/uploads/2022/03/IMG-1436-768x576.jpg 768w, https://ruellantraiteur.com/wp-content/uploads/2022/03/IMG-1436.jpg 1024w" sizes="(max-width: 300px) 100vw, 300px" />En 2000, à 25 ans, c’est le retour aux sources. Après un apprentissage chez Monsieur Marchand à Rennes et chez Monsieur Trhian, il intègre l’entreprise familiale de boucherie (développant la vente de viandes labellisées), installée à Rothéneuf depuis 1975. En 2007, Olivier « rachète l’affaire ». Depuis, il connait un succès impressionnant dans la région : « Je dois cette réussite à mes parents qui m’ont transmis leur passion. Ils m’ont permis de commencer mon activité avec des bases solides ». Epicerie, charcuterie, boucherie… le traiteur malouin et son épouse Nathalie Ruellan, sa plus fidèle collaboratrice, proposent des plats de qualité à base de produits frais ainsi que des produits régionaux que l’on retrouve au sein de l’espace de vente.</p>
<p style="text-align: justify;">Grâce à sa fougue, son dynamisme et son talent, Olivier est aujourd’hui membre de la Confrérie de la Marmite d’Or (présidée par le très respecté chef Joël Robuchon, auteur du livre « Bon appétit bien sûr »). Auprès de ses maîtres et confrères, fort de nouvelles inspirations, il nourrit de nombreux projets culinaires. Au niveau local, le jeune charcutier s’est associé avec la crème de la gastronomie malouine pour créer l’Ecole du Goût en 2008. A l’origine de cette initiative : son compère, le sommelier Yannick Heude. Vins, fromages, chocolats, charcuteries, ou encore pâtisseries, l’objectif de cette structure basée à Courtoisville est de former les novices ou les plus expérimentés au plaisir des produits du terroir à travers les différentes spécialités des « formateurs ».</p>
<p style="text-align: justify;">Autres projets d’envergure pour notre trentenaire malouin : l’ouverture d’une charcuterie aux Etats-Unis, dans le quartier de Manhattan à New York et une autre au Japon, à Osaka. « Pour les Etats-Unis, la boutique devrait voir le jour au début de l’année prochaine. Le but est de proposer, Outre-Atlantique, les mêmes produits que chez nous», précise t-il. « En collaboration avec Monsieur Bouley (Chef Étoilé de New York), nous exportons nos produits et notre savoir-faire à l’international. Olivier est très sollicité mais le traiteur de Saint-Malo n’oublie pas sa Cité Corsaire.</p>
<p><img loading="lazy" class="alignleft size-medium wp-image-2718" src="https://ruellantraiteur.fr/wp-content/uploads/2022/03/IMG-1437-225x300.jpg" alt="" width="225" height="300" srcset="https://ruellantraiteur.com/wp-content/uploads/2022/03/IMG-1437-225x300.jpg 225w, https://ruellantraiteur.com/wp-content/uploads/2022/03/IMG-1437.jpg 768w" sizes="(max-width: 225px) 100vw, 225px" /></p>
<p style="text-align: justify;">« C’est la clientèle d’ici qui m’a encouragée et m’a fait connaître dans la région, mais aussi ailleurs. J’entretiens une relation très cordiale avec mes clients. Je suis à leur écoute. Chaque prestation est un challenge pour notre équipe». Olivier Ruellan compte parmi ses clients de nombreux particuliers, mais il assure aussi ses prestations de traiteurs auprès des plus grands groupes de la région.</p>
<p style="text-align: justify;">Celui qui transmet son savoir-faire en tant que professeur à l’Ecole du Goût porte un regard passionnant sur son métier. « Pour moi, ce n’est pas un travail. Je ne compte pas mes heures. C’est une passion, un véritable partage. On apprend sans cesse ». Comme tout toqué passionné son « obsession » est de devenir Meilleur Ouvrier de France et d’obtenir ainsi le liseré bleu-blanc-rouge sur sa tunique blanche. Cette année, il s’est résigné, la mort dans l’âme, à participer à ce fameux concours en raison d’une activité débordante, mais dans trois ans, c’est promis, il s’accordera le temps nécessaire pour concourir. Et nous ne manquerons pas de l’encourager.</p>
<p style="text-align: justify;">Voilà un Malouin qui ne manque pas d’ambition. Associé à une équipe compétente et indispensable, « ce marchand de plaisir » égaille nos pupilles et nos papilles, au quotidien, mais il est aussi le partenaire de nos plus belles fêtes. Rendez-vous donc à Rothéneuf, en face de l’église, pour un moment de délice. Et puis très bientôt, à New York et Osaka…</p>
<p>[/vc_column_text]		</div>
	</div>
</div></div>[/vc_column][/vc_row]</p>
